{"id":24,"date":"2013-07-28T15:14:24","date_gmt":"2013-07-28T13:14:24","guid":{"rendered":"http:\/\/deutsch-deutsches-freilandmuseum.de\/?page_id=24"},"modified":"2024-06-04T13:56:12","modified_gmt":"2024-06-04T11:56:12","slug":"grenzdenkmale","status":"publish","type":"page","link":"https:\/\/deutsch-deutsches-freilandmuseum.de\/?page_id=24","title":{"rendered":"Denkmale"},"content":{"rendered":"<p><span style=\"font-size: 12pt;\"><strong>Vermittlung der deutsch-deutschen Geschichte im Sinne von Mahnung und Auftrag<\/strong><\/span><\/p>\n<p><span style=\"text-decoration: underline; font-size: 12pt;\">Grenzturmdenkmal mit F\u00fchrungsbunker bei Gompertshausen<\/span><\/p>\n<p><span style=\"font-size: 12pt;\"><a href=\"https:\/\/deutsch-deutsches-freilandmuseum.de\/wordpress\/wp-content\/uploads\/Gompertshsn-1.jpg\"><img loading=\"lazy\" decoding=\"async\" class=\"size-medium wp-image-68 alignleft\" title=\"Grenzanlage Gompertshausen\" src=\"https:\/\/deutsch-deutsches-freilandmuseum.de\/wordpress\/wp-content\/uploads\/Gompertshsn-1-300x233.jpg\" alt=\"Grenzanlage Gompertshausen\" width=\"300\" height=\"233\" srcset=\"https:\/\/deutsch-deutsches-freilandmuseum.de\/wordpress\/wp-content\/uploads\/Gompertshsn-1-300x233.jpg 300w, https:\/\/deutsch-deutsches-freilandmuseum.de\/wordpress\/wp-content\/uploads\/Gompertshsn-1-624x485.jpg 624w, https:\/\/deutsch-deutsches-freilandmuseum.de\/wordpress\/wp-content\/uploads\/Gompertshsn-1.jpg 988w\" sizes=\"auto, (max-width: 300px) 100vw, 300px\" \/><\/a>Der imposante Grenzturm am Ortsrand von Gompertshausen (Landkreis Hildburghausen) ist bereits von Weitem zu erkennen. Nach 1990 hatte das historische Bauwerk eine interessante Geschichte. In den fr\u00fchen 1990er Jahren erfolgte die Umnutzung als Turmcafe. Sp\u00e4ter richteten sich unterschiedliche Motorradgruppen ein Partydomizil ein. Kurz nach der Jahrtausendwende stand der Abriss des Grenzturmes zur Disposition und war beschlossene Sache. Nur durch das beherzte Intervenieren von Familie Erhard wurde der Abriss in letzter Minute gestoppt.<\/span><\/p>\n<p><span style=\"font-size: 10pt;\"><strong>Grenzturm mit F\u00fchrungsbunkermuseum bei Gompertshausen<\/strong><\/span><\/p>\n<p><span style=\"font-size: 12pt;\">Nach dem Erwerb der Grenzanlage erfolgte der R\u00fcckbau in den Urzustand, hierzu konnten Zeitzeugen befragt und Archivunterlagen gesichtet werden. Der Kanzelbereich mit F\u00fchrungsstelle bildet heute ein zeithistorisches Kleinod. Im Raum der Alarmgruppe befindet sich eine Ausstellung mit zahlreichen originalen Bildern und weiteren Grenzrelikten. Der Grenzturm, welcher im Jahr 1981 errichtet wurde, ist einem F\u00fchrungsbunker (FB 3) zugebaut worden.<\/span><\/p>\n<p><span style=\"font-size: 12pt;\"><a href=\"https:\/\/deutsch-deutsches-freilandmuseum.de\/wordpress\/wp-content\/uploads\/PICT7170.jpg\"><img loading=\"lazy\" decoding=\"async\" class=\"size-medium wp-image-72 alignright\" title=\"Kanzelbereich\" src=\"https:\/\/deutsch-deutsches-freilandmuseum.de\/wordpress\/wp-content\/uploads\/PICT7170-300x225.jpg\" alt=\"Kanzelbereich\" width=\"300\" height=\"225\" srcset=\"https:\/\/deutsch-deutsches-freilandmuseum.de\/wordpress\/wp-content\/uploads\/PICT7170-300x225.jpg 300w, https:\/\/deutsch-deutsches-freilandmuseum.de\/wordpress\/wp-content\/uploads\/PICT7170-624x468.jpg 624w, https:\/\/deutsch-deutsches-freilandmuseum.de\/wordpress\/wp-content\/uploads\/PICT7170.jpg 1024w\" sizes=\"auto, (max-width: 300px) 100vw, 300px\" \/><\/a> In diesem Bunker befinden sich originale Ger\u00e4tschaften wie z.B. Funkger\u00e4te, ABC-Station, und ein Motorrad der Marke \u201eMZ\u201c, dieses war um Gompertshausen zur Grenzstreife im Einsatz. Im Au\u00dfenbereich steht noch ein Teil des hier verlaufenden Grenzsignal- und Sperrzaunes. Im Verbund zu den weiteren Baulichkeiten rundet dieser das zeithistorische Denkmal ab. Der Grenzturm mit F\u00fchrungsbunker steht heute als Baudenkmal sowie arch\u00e4ologisches Bodendenkmal unter besonderem staatlichen Schutz. Zudem ist der Kellerbereich des Turmes fledermausfreundlich gestaltet.<\/span><\/p>\n<p style=\"text-align: right;\"><span style=\"font-size: 10pt;\"><strong>Kanzelbereich-F\u00fchrungsstelle im Grenzturm Gompertshausen<\/strong><\/span><\/p>\n<p>&nbsp;<\/p>\n<p><span style=\"font-size: 12pt;\">Historische F\u00fchrungen sind nach Voranmeldung m\u00f6glich &#8211;&gt; Siehe <a title=\"Besucherservice\" href=\"https:\/\/deutsch-deutsches-freilandmuseum.de\/?page_id=27\"><em>Besucherservice<\/em><\/a><\/span><\/p>\n<p><span style=\"text-decoration: underline; font-size: 12pt;\">Arch\u00e4ologisches Grenzdenkmal bei Schweickershausen<\/span><\/p>\n<p><span style=\"font-size: 12pt;\">Ca. zwei Ortschaften entfernt von Gompertshausen liegt Schweickershausen. Hier an der Landesgrenze zu Bayern wurde durch Zufall ein ca. 20 Meter langer Teil der ehemaligen DDR-Grenzstaffelung bei den R\u00fcckbauarbeiten der 1990er Jahre vergessen. Neben der Zaunanlage und dem Kfz-Sperrgraben ist noch das vorgelagerte Hoheitsgebiet der DDR und der Spurensicherungsstreifen nachvollziehbar.<\/span><\/p>\n<p><span style=\"font-size: 12pt;\"><a href=\"https:\/\/deutsch-deutsches-freilandmuseum.de\/wordpress\/wp-content\/uploads\/Schweickershsn-5.jpg\"><img loading=\"lazy\" decoding=\"async\" class=\"size-medium wp-image-75 alignleft\" title=\"Grenzdenkmal Schweickershausen\" src=\"https:\/\/deutsch-deutsches-freilandmuseum.de\/wordpress\/wp-content\/uploads\/Schweickershsn-5-300x225.jpg\" alt=\"Grenzdenkmal Schweickershausen\" width=\"300\" height=\"225\" srcset=\"https:\/\/deutsch-deutsches-freilandmuseum.de\/wordpress\/wp-content\/uploads\/Schweickershsn-5-300x225.jpg 300w, https:\/\/deutsch-deutsches-freilandmuseum.de\/wordpress\/wp-content\/uploads\/Schweickershsn-5-624x468.jpg 624w, https:\/\/deutsch-deutsches-freilandmuseum.de\/wordpress\/wp-content\/uploads\/Schweickershsn-5.jpg 1024w\" sizes=\"auto, (max-width: 300px) 100vw, 300px\" \/><\/a><\/span><\/p>\n<p><span style=\"font-size: 12pt;\">Auch der ehemals milit\u00e4risch genutzte Kolonnenweg ist umf\u00e4nglich erhalten. Gerade an dieser Stelle, im fr\u00fcheren Grenzabschnitt 46 ist das Studium der menschenverachtenden DDR-Grenze besonders gut m\u00f6glich. Die originalen Kfz-Sperrplatten und der ca. einem Meter tiefe Sperrgraben machen auch die Wirkungsweise des sogenannten \u201eAntifaschistischen Schutzwalls\u201c in seiner ganzen Dimension deutlich.<br \/>\n<\/span><span style=\"font-size: 12pt;\">Das Areal steht heute als arch\u00e4ologisches Bodendenkmal des Freistaats Th\u00fcringen unter besonderem Schutz.<\/span><\/p>\n<p><span style=\"font-size: 10pt;\"><strong>Arch\u00e4ologisches Grenzdenkmal Schweickershausen<\/strong><\/span><\/p>\n<p>&nbsp;<\/p>\n<p><span style=\"font-size: 12pt;\">Historische F\u00fchrungen in Verbindung mit dem Grenzdenkmal bei Gompertshausen sind nach Voranmeldung m\u00f6glich &#8211;&gt;\u00a0Siehe <a title=\"Besucherservice\" href=\"https:\/\/deutsch-deutsches-freilandmuseum.de\/?page_id=27\"><em>Besucherservice<\/em><\/a><\/span><\/p>\n<p><span style=\"text-decoration: underline; font-size: 12pt;\">Baudenkmal Grenzbeobachtungsturm bei Berkach<\/span><\/p>\n<p><span style=\"font-size: 12pt;\">Beim Grenzdenkmal bei Berkach handelt es sich um einen Beobachtungsturm der ehemaligen DDR-Grenzsicherung. Der von weitem sichtbare Turm stellt heute eine historische Landmarke innerhalb des th\u00fcringischen Grabfeldes dar. Erbaut wurde der Turm im Jahr 1982 in Betonbauweise. Bis zur politischen Wende in der DDR wurde er durchg\u00e4ngig milit\u00e4risch genutzt. Nach 1990 \u00fcbernahm die Gemeinde Berkach den Turm und verschloss bzw. sicherte ihn. Diesen Umstand ist es zu verdanken, dass keinerlei Vandalismus oder blinde Zerst\u00f6rungswut, wie in dieser Zeit \u00fcblich, durch die Bev\u00f6lkerung an diesem geschichtlichen Bauwerk erfolgte.<br \/>\nMit der Gr\u00fcndung des Deutsch-deutschen Freilandmuseums wurde der Grenzturm dem Tr\u00e4gerverein, dem Deutschen Kuratorium zur F\u00f6rderung von Wissenschaft, Bildung und Kultur e.V. \u00fcberlassen. Der Grenzturm, welcher sich im fr\u00fcheren Grenzabschnitt 44 befindet, z\u00e4hlt heute als denkmalhistorische Rarit\u00e4t.<br \/>\n<\/span><\/p>\n<p><span style=\"font-size: 12pt;\"><a href=\"https:\/\/deutsch-deutsches-freilandmuseum.de\/wordpress\/wp-content\/uploads\/Berkach-1.jpg\"><img loading=\"lazy\" decoding=\"async\" class=\"size-medium wp-image-133 alignleft\" src=\"https:\/\/deutsch-deutsches-freilandmuseum.de\/wordpress\/wp-content\/uploads\/Berkach-1-300x225.jpg\" alt=\"\" width=\"300\" height=\"225\" srcset=\"https:\/\/deutsch-deutsches-freilandmuseum.de\/wordpress\/wp-content\/uploads\/Berkach-1-300x225.jpg 300w, https:\/\/deutsch-deutsches-freilandmuseum.de\/wordpress\/wp-content\/uploads\/Berkach-1-768x576.jpg 768w, https:\/\/deutsch-deutsches-freilandmuseum.de\/wordpress\/wp-content\/uploads\/Berkach-1.jpg 1024w, https:\/\/deutsch-deutsches-freilandmuseum.de\/wordpress\/wp-content\/uploads\/Berkach-1-624x468.jpg 624w\" sizes=\"auto, (max-width: 300px) 100vw, 300px\" \/><\/a><\/span><\/p>\n<p><span style=\"font-size: 12pt;\">Der gesamte Innenbereich als auch der Turmk\u00f6rper selbst sind im originalen Zustand und stehen unter staatlichen Denkmalschutz. Bei den Renovierungsarbeiten wurde durch Familie Erhard gr\u00f6\u00dfte Sorgfalt und R\u00fccksicht auf die Erhaltung des vorgefundenen Ausbaustandes der 1980er Jahre gelegt.<\/span><br \/>\n<span style=\"font-size: 12pt;\">Der Grenzturm wird daher ausschlie\u00dflich zu Denkmalforschungen sowie weitergehenden milit\u00e4rhistorischen Recherchen genutzt.<\/span><\/p>\n<p>&nbsp;<\/p>\n<p><span style=\"font-size: 10pt;\"><strong>Beobachtungsturm bei Berkach<\/strong><\/span><\/p>\n","protected":false},"excerpt":{"rendered":"<p>Vermittlung der deutsch-deutschen Geschichte im Sinne von Mahnung und Auftrag Grenzturmdenkmal mit F\u00fchrungsbunker bei Gompertshausen Der imposante Grenzturm am Ortsrand von Gompertshausen (Landkreis Hildburghausen) ist bereits von Weitem zu erkennen. Nach 1990 hatte das historische Bauwerk eine interessante Geschichte. In <a class=\"more-link\" href=\"https:\/\/deutsch-deutsches-freilandmuseum.de\/?page_id=24\">Weiterlesen\u00a0\u2026<\/a><\/p>\n","protected":false},"author":1,"featured_media":0,"parent":0,"menu_order":0,"comment_status":"closed","ping_status":"closed","template":"","meta":{"footnotes":""},"class_list":["post-24","page","type-page","status-publish","hentry"],"_links":{"self":[{"href":"https:\/\/deutsch-deutsches-freilandmuseum.de\/index.php?rest_route=\/wp\/v2\/pages\/24","targetHints":{"allow":["GET"]}}],"collection":[{"href":"https:\/\/deutsch-deutsches-freilandmuseum.de\/index.php?rest_route=\/wp\/v2\/pages"}],"about":[{"href":"https:\/\/deutsch-deutsches-freilandmuseum.de\/index.php?rest_route=\/wp\/v2\/types\/page"}],"author":[{"embeddable":true,"href":"https:\/\/deutsch-deutsches-freilandmuseum.de\/index.php?rest_route=\/wp\/v2\/users\/1"}],"replies":[{"embeddable":true,"href":"https:\/\/deutsch-deutsches-freilandmuseum.de\/index.php?rest_route=%2Fwp%2Fv2%2Fcomments&post=24"}],"version-history":[{"count":26,"href":"https:\/\/deutsch-deutsches-freilandmuseum.de\/index.php?rest_route=\/wp\/v2\/pages\/24\/revisions"}],"predecessor-version":[{"id":283,"href":"https:\/\/deutsch-deutsches-freilandmuseum.de\/index.php?rest_route=\/wp\/v2\/pages\/24\/revisions\/283"}],"wp:attachment":[{"href":"https:\/\/deutsch-deutsches-freilandmuseum.de\/index.php?rest_route=%2Fwp%2Fv2%2Fmedia&parent=24"}],"curies":[{"name":"wp","href":"https:\/\/api.w.org\/{rel}","templated":true}]}}